tor of r and 8.
8
Suppose 112*j - 2401 = 63*j. Calculate the highest common factor of j and 8771.
49
Suppose 23*x = 7269 + 2874. What is the highest common divisor of 3675 and x?
147
Suppose c = -2*u, -3*u = -2*c + 3*c + 3. Let k be ((-4)/c)/((-5)/(3105/2)). Calculate the greatest common divisor of k and 9.
9
Let n(s) = -34*s - 350. Let y be n(-11). What is the highest common divisor of y and 536?
8
Let y(c) = -22*c + 2. Let u be (3 - 0) + (4/2)/2. Suppose k + 4*h = 9, 0*h + 4*h = u*k + 24. Let a be y(k). What is the highest common divisor of a and 17?
17
Let c be (6 + 0)*58/174. Let d be (c + 5 + -9)*-6. Calculate the greatest common factor of d and 6.
6
Suppose 101*h - 100*h - 180 = 0. Let x = 182 - h. Calculate the greatest common factor of x and 8.
2
Let l = -560 + 1960. Calculate the greatest common factor of l and 30.
10
Suppose 9*q - 6 = 3. Let h(v) = 17*v**2 - 12*v + 12. Let d be h(q). Calculate the greatest common divisor of 34 and d.
17
Suppose -7*y - y + 520 = 0. Suppose 0 = 69*u - 73*u - o + 105, -o = -5. What is the highest common factor of y and u?
5
Let o(u) = -92*u - 3218. Let h be o(-36). Calculate the highest common divisor of h and 3337.
47
Suppose -103 = -48*j - 7. Suppose 5*r - 837 = 3*t, j*t - 338 = 5*r - 7*r. Calculate the highest common factor of 63 and r.
21
Let u be -2*((-53)/2 + 1). Suppose 11 = -4*j + 35. Let y(p) = 3*p**2 - 5*p - 44. Let h be y(j). What is the greatest common factor of u and h?
17
Let l be 273/(-21) - (-8)/2. Let o = 13 + l. Let d = -325 + 327. What is the greatest common factor of d and o?
2
Let o(b) = b + 10. Let n(i) = -4*i**2 + 2*i + 2. Let w be n(-1). Let y be o(w). Let j be 243/y*(-2)/(-3). Calculate the highest common factor of j and 297.
27
Suppose 5 = -5*q, 3*q + q - 1252 = -4*t. Let j = -34 + t. What is the highest common divisor of j and 5?
5
Let b = 12571 + -11983. What is the highest common factor of 1568 and b?
196
Suppose -32*a - 56 = -34*a. Suppose -h - 3*h + 3*b + 207 = 0, -h = 4*b - a. What is the greatest common factor of 3 and h?
3
Let m(g) = -77931*g - 1962. Let d be m(-1). Calculate the highest common divisor of 207 and d.
207
Let s = 521 - 519. Suppose 0 = 4*q + s*d - 390, 6*q - 425 = 2*q + 5*d. Calculate the highest common divisor of 4 and q.
4
Let t = -41697 + 41739. Let g(f) = -f**3 - 4*f**2 + 2. Let z be g(-2). Let v(a) = -a**2 - 7*a. Let x be v(z). What is the greatest common divisor of x and t?
6
Suppose 4*x - 51 = -35. Suppose -i - 21 = -4*f - 241, -x*f + 2*i - 216 = 0. Let q be (22/(-8))/(14/f). What is the greatest common divisor of q and 88?
11
Suppose 4*a = 2*q + 292, 19*a = 17*a + 3*q + 146. What is the highest common factor of 23798 and a?
73
Let k(r) = r**2 - 34*r - 582. Let o be k(-42). What is the highest common factor of o and 180?
90
Let m be (-56)/(-6)*90/120. Suppose -3*g + 324 = -2*y, -m*y + 11*y = 0. Calculate the highest common divisor of 132 and g.
12
Suppose -t = 47*t - 1920. Suppose 4*f - 1425 = -3*q, 1430 = 4*f + 4*q - 2*q. Calculate the greatest common factor of t and f.
40
Let l = -118 - -122. Let b be ((-1)/4)/(-1)*(l + 24). What is the highest common divisor of 35 and b?
7
Suppose 0 = h - n - 21 - 23, -2*n = 4*h - 146. Let b = 43 - h. Suppose b*j = -0*c - c + 32, 3*j + c = 23. Calculate the highest common factor of 6 and j.
3
Let f(u) = -u**3 - 105*u - 17 + 91*u + 5 + 61*u + 18*u**2. Let m be f(20). Calculate the greatest common divisor of 4 and m.
4
Let a = 1626 + -946. Let c(r) = r**3 + 2*r**2 - 224*r + 40. Let g be c(-16). What is the highest common divisor of a and g?
40
Let d(z) = 24*z + 984. Let j be d(-31). Calculate the highest common divisor of 195 and j.
15
Let a be (132/3)/((-196)/(-98)). What is the greatest common factor of 58 and a?
2
Let c(w) = -w**2 - 8*w - 1. Let q be c(-6). Suppose 16*g - q*g - 50 = 0. Let h be 852/(-355) - (-724)/10. Calculate the greatest common factor of g and h.
10
Let r = -362 + 705. Let w = r - 335. What is the greatest common divisor of w and 34?
2
Suppose 397 - 361 = 4*f. Let q(v) = v**3 - 9*v**2 + v. Let p be q(f). What is the greatest common factor of 27 and p?
9
Suppose -53*z + 49*z + 42 = 2*u, -z + 7 = u. Calculate the highest common divisor of 6384 and z.
14
Let y = 44 + -44. Suppose 2*m + y + 0 = 0. Suppose w - 24 = -2*q, m*w - 50 = -3*w + 5*q. What is the greatest common factor of 20 and w?
20
Let l be ((-2)/12*-4)/(32/8208). Let s be (4 + -5)/(1/(-19)). What is the highest common factor of s and l?
19
Suppose -3*g + 32 + 4 = 0. Let m(b) = 3*b + g*b + 0*b - 7 + b**2 - 5*b. Let q be m(-11). What is the greatest common divisor of 32 and q?
4
Let d be 7/(-3 + -11)*-30. Suppose d*u - 1457 = 1918. Let a be (-1 - -1) + 50/2. What is the highest common divisor of u and a?
25
Suppose -120*p + 2*x = -119*p - 1732, 7*p + 5*x = 12181. Calculate the highest common factor of p and 88.
22
Suppose -16*w - 391 = -3*n - 11*w, w = -5*n + 661. Calculate the highest common factor of n and 16.
4
Let u = -11914 - -12024. Calculate the greatest common divisor of 7920 and u.
110
Suppose 2*y - 3*i = 2 - 1, -2*y - 3*i - 17 = 0. Suppose 44*l - 3*a + 16 = 40*l, 3*l = -5*a + 17. Let g = l - y. What is the greatest common factor of 21 and g?
3
Let p = -97 - -90. Let u be (42/5)/((p + 16)/180). Calculate the greatest common factor of 70 and u.
14
Suppose -3039*f - 1210 = -3160*f. Suppose -2*v + 40 = 2*v. What is the highest common factor of v and f?
10
Let w = -7 - 2. Let s be -3 - (-115 - (5 + w)). Let b = -74 + s. What is the highest common divisor of b and 119?
17
Suppose -5*h - 19 = -4*c + 13, -2*c - 5*h - 14 = 0. Suppose c*i + 76 = 7*i. Suppose -109*p = -108*p - 19. What is the greatest common divisor of i and p?
19
Let k = 873 + -662. Suppose 5*s - i - 178 = 62, -k = -4*s - 3*i. What is the highest common divisor of s and 49?
49
Let h = -11542 - -18250. What is the greatest common divisor of h and 624?
156
Suppose 2*c = -2*c + 16. Suppose 2*w - 3*w = -0*w. Suppose w = 5*m - 7*m + 6. Calculate the highest common factor of c and m.
1
Suppose -13*w - 225*w + 17*w + 49062 = 0. What is the highest common factor of 7622 and w?
74
Let t(w) = -30*w**3 + 6*w**2 + 87*w + 713. Let l be t(-7). What is the greatest common factor of l and 167?
167
Suppose 78 + 122 = 2*d. Let w = -21744 - -21869. Calculate the highest common divisor of d and w.
25
Let z be -24*((-6)/8)/1. Let r = 112932 - 112086. What is the highest common factor of z and r?
18
Let x(c) = -c**2 - 27*c - 105. Let f be x(-22). Let d be 13 - (2 + f + -9). What is the greatest common divisor of 105 and d?
15
Let r be 10806/9 - (-15)/(135/(-6)). Suppose -r = f - 1455. What is the greatest common divisor of 60 and f?
15
Let m(c) = c**2 + 3*c - 5. Let a be m(-5). Let p = -987 + 1001. Let q = p - a. What is the greatest common divisor of q and 72?
9
Let s = 181 + -181. Suppose -h + k = 3 - s, -5*k + 16 = -4*h. What is the highest common factor of h and 11?
1
Let a = 2157 + -2108. Calculate the greatest common factor of 8 and a.
1
Let n be 13*42/(-78) - ((-58)/2 + -1). Let y be (2 - 1)*(5 - 2). Suppose p - 86 = -2*d + y*p, -5*p - 123 = -3*d. What is the highest common factor of d and n?
23
Let b(d) = -2*d**2 - d + 1. Let t be b(1). Let g = -15 - t. Let l = g + 36. Calculate the greatest common divisor of l and 253.
23
Suppose 0 = -18*k - k - 4*k + 49910. Calculate the greatest common divisor of 140 and k.
70
Suppose 0 = 104*r - 77*r - 1080. Suppose 2*q + 3*q - 25 = 0. Calculate the highest common divisor of r and q.
5
Suppose -3*x = 3*h, 3*x - 35 = -2*x + 2*h. Suppose -4*y + 110 = z, -634 = -5*z - x*y - 159. Calculate the greatest common divisor of z and 10.
10
Let q be 50152*(-11)/(-88) + -15. Calculate the greatest common factor of 118 and q.
118
Let y be ((300/(-35))/1)/((-6)/(-63)*-1). What is the highest common factor of y and 80?
10
Let n be 16/(-3)*(-4 + 45/18). Let z(k) = -k**2 - 3*k - 8. Let b be z(10). Let v = 210 + b. What is the highest common factor of n and v?
8
Let g = 8724 + -8654. What is the highest common divisor of 427 and g?
7
Let x(d) = d**3 + 6*d**2 + 18*d + 127. Let j be x(-6). Let i be (11/2)/((-1)/(-38)). What is the highest common factor of j and i?
19
Let o be (-2)/12 - 12545/(-30). Calculate the greatest common divisor of o and 266.
38
Let n be